late the remainder when 665705 is divided by 566.
89
Calculate the remainder when 13684748 is divided by 24178.
0
Calculate the remainder when 31621 is divided by 4977.
1759
What is the remainder when 2050378 is divided by 2896?
10
What is the remainder when 55632 is divided by 1426?
18
Calculate the remainder when 736666 is divided by 21046.
56
Calculate the remainder when 261269 is divided by 840.
29
Calculate the remainder when 21453321 is divided by 147.
141
Calculate the remainder when 1228594 is divided by 52.
42
What is the remainder when 24346748 is divided by 41?
5
What is the remainder when 78644 is divided by 7289?
5754
Calculate the remainder when 32461279 is divided by 8115317.
11
What is the remainder when 9380684 is divided by 38?
4
What is the remainder when 427815 is divided by 817?
524
Calculate the remainder when 10815879 is divided by 902.
899
Calculate the remainder when 129489631 is divided by 2899.
2897
What is the remainder when 11091262 is divided by 183?
181
What is the remainder when 250829784 is divided by 479?
476
Calculate the remainder when 31414193 is divided by 78.
5
Calculate the remainder when 114604 is divided by 14286.
316
Calculate the remainder when 580900 is divided by 170.
10
What is the remainder when 4082103 is divided by 678?
543
What is the remainder when 4872796 is divided by 4872709?
87
What is the remainder when 875417 is divided by 41678?
179
Calculate the remainder when 85944 is divided by 980.
684
What is the remainder when 127962 is divided by 25312?
1402
What is the remainder when 4655368 is divided by 2236?
16
What is the remainder when 3871155 is divided by 4?
3
What is the remainder when 31093382 is divided by 151?
66
What is the remainder when 6938713 is divided by 235?
103
What is the remainder when 37461005 is divided by 750?
5
What is the remainder when 8054082 is divided by 857?
853
Calculate the remainder when 9724 is divided by 3235.
19
What is the remainder when 42041334 is divided by 722?
718
What is the remainder when 75956 is divided by 6130?
2396
Calculate the remainder when 16216 is divided by 1521.
1006
Calculate the remainder when 26185 is divided by 147.
19
What is the remainder when 102222 is divided by 659?
77
What is the remainder when 24389219 is divided by 17?
16
Calculate the remainder when 775940 is divided by 548.
520
What is the remainder when 1050312 is divided by 65639?
88
Calculate the remainder when 671459 is divided by 4973.
104
Calculate the remainder when 2003855 is divided by 87101.
532
What is the remainder when 4148779 is divided by 49?
47
Calculate the remainder when 92758 is divided by 3008.
2518
What is the remainder when 175533 is divided by 1037?
280
What is the remainder when 10395573 is divided by 33?
12
Calculate the remainder when 17687833 is divided by 12892.
9
What is the remainder when 67537 is divided by 348?
25
What is the remainder when 142645 is divided by 2155?
415
What is the remainder when 2899725 is divided by 1114?
1097
Calculate the remainder when 380210 is divided by 536.
186
What is the remainder when 2986033 is divided by 210?
43
Calculate the remainder when 622369 is divided by 1434.
13
Calculate the remainder when 12747372 is divided by 587.
80
What is the remainder when 69216453 is divided by 377?
7
What is the remainder when 7536938 is divided by 211?
18
What is the remainder when 10489988 is divided by 5?
3
What is the remainder when 1218743520 is divided by 1489?
1487
Calculate the remainder when 11306314 is divided by 67.
64
What is the remainder when 62711 is divided by 1596?
467
Calculate the remainder when 3009238 is divided by 224.
22
What is the remainder when 3712649 is divided by 60?
29
Calculate the remainder when 6233130 is divided by 79.
30
What is the remainder when 38274 is divided by 11685?
3219
What is the remainder when 2048519 is divided by 198?
11
What is the remainder when 4452409 is divided by 559?
533
What is the remainder when 106500761 is divided by 23?
20
What is the remainder when 956023 is divided by 956000?
23
Calculate the remainder when 1495340 is divided by 98.
56
Calculate the remainder when 10351648 is divided by 941058.
10
Calculate the remainder when 19587928 is divided by 9793964.
0
What is the remainder when 428905 is divided by 142539?
1288
What is the remainder when 625185 is divided by 16?
1
What is the remainder when 287669 is divided by 143708?
253
What is the remainder when 9830582 is divided by 1707?
1676
Calculate the remainder when 2994427 is divided by 998070.
217
Calculate the remainder when 1360035 is divided by 1028.
1019
Calculate the remainder when 9220921 is divided by 130.
21
Calculate the remainder when 28388881 is divided by 106.
67
Calculate the remainder when 173821 is divided by 43424.
125
Calculate the remainder when 16559231 is divided by 1496.
7
What is the remainder when 6348926 is divided by 661?
21
Calculate the remainder when 51561 is divided by 981.
549
Calculate the remainder when 9160 is divided by 3948.
1264
Calculate the remainder when 2050060 is divided by 1025029.
2
What is the remainder when 51844029 is divided by 82?
21
Calculate the remainder when 1462345 is divided by 1462119.
226
Calculate the remainder when 19115 is divided by 22.
19
Calculate the remainder when 470146 is divided by 15709.
14585
What is the remainder when 161904423 is divided by 5?
3
Calculate the remainder when 3611380 is divided by 94.
88
Calculate the remainder when 138679097 is divided by 34669771.
13
Calculate the remainder when 467944 is divided by 54.
34
Calculate the remainder when 15275991 is divided by 1583.
41
Calculate the remainder when 48404 is divided by 5963.
700
What is the remainder when 1694971 is divided by 838?
535
What is the remainder when 2398635 is divided by 8571?
7326
Calculate the remainder when 795829 is divided by 9825.
4
What is the remainder when 24946 is divided by 3106?
98
What is the remainder when 4064071 is divided by 14210?
11
Calculate the remainder when 23239128 is divided by 7746375.
3
Calculate the remainder when 1126724 is divided by 1126154.
570
What is the remainder when 55166 is divided by 297?
221
Calculate the remainder when 17571907 is divided by 87.
82
What is the remainder when 65546834 is divided by 21848942?
8
What is the remainder when 28147 is divided by 2841?
2578
What is the remainder when 120785 is divided by 1404?
41
Calculate the remainder when 475900 is divided by 81.
25
Calculate the remainder when 42545 is divided by 2355.
155
Calculate the remainder when 100419 is divided by 683.
18
Calculate the remainder when 5769857 is divided by 691.
7
Calculate the remainder when 53698 is divided by 8306.
3862
Calculate the remainder when 1149371 is divided by 16902.
35
Calculate the remainder when 71168853 is divided by 691.
690
What is the remainder when 8182516 is divided by 3666?
4
What is the remainder when 503186 is divided by 132?
2
What is the remainder when 1074739 is divided by 153500?
239
Calculate the remainder when 1724829 is divided by 431203.
17
What is the remainder when 84336 is divided by 378?
42
Calculate the remainder when 39319 is divided by 38883.
436
Calculate the remainder when 122975 is divided by 167.
63
Calculate the remainder when 51678 is divided by 2356.
2202
What is the remainder when 4652 is divided by 1483?
203
What is the remainder when 8084790 is divided by 246?
0
Calculate the remainder when 96918 is divided by 6030.
438
Calculate the remainder when 700199 is divided by 140038.
9
What is the remainder when 782015 is divided by 30076?
39
Calculate the remainder when 11062049 is divided by 962.
11
What is the remainder when 50736417 is divided by 670?
667
Calculate the remainder when 3476874 is divided by 38.
26
Calculate the remainder when 433092 is divided by 107491.
3128
Calculate the remainder when 166758 is divided by 314.
24
Calculate the remainder when 44348849 is divided by 546.
545
What is the remainder when 6612 is divided by 4809?
1803
Calculate the remainder when 2051245 is divided by 1267.
1239
Calculate the remainder when 262770 is divided by 65668.
98
What is the remainder when 148534342 is divided by 1069?
1068
Calculate the remainder when 22508133 is divided by 284913.
6
Cal